{"id":2,"date":"2020-08-11T16:28:06","date_gmt":"2020-08-11T14:28:06","guid":{"rendered":"https:\/\/www.pekoservis.sk\/nove\/?page_id=2"},"modified":"2020-08-28T14:42:52","modified_gmt":"2020-08-28T12:42:52","slug":"ukazka-strany","status":"publish","type":"page","link":"https:\/\/www.pekoservis.sk\/?page_id=2","title":{"rendered":"Kontakt"},"content":{"rendered":"\n<div class=\"wp-block-group\"><div class=\"wp-block-group__inner-container is-layout-flow wp-block-group-is-layout-flow\">\n<div class=\"wp-block-columns is-layout-flex wp-container-core-columns-is-layout-9d6595d7 wp-block-columns-is-layout-flex\">\n<div class=\"wp-block-column is-layout-flow wp-block-column-is-layout-flow\" style=\"flex-basis:66.66%\">\n<h2 style=\"text-align: center;\"><strong>Peter Kon\u00ed\u010dek &#8211; PEKO Servis<\/strong><\/h2>\n<p style=\"text-align: center;\"><strong>\u013dubor\u010dianska 734<\/strong><br data-rich-text-line-break=\"true\"><strong>914 41 Nem\u0161ov\u00e1<\/strong><\/p>\n<p><\/p>\n<h3 style=\"text-align: center;\"><strong>Mobil: +421 905 959 810<\/strong><br data-rich-text-line-break=\"true\"><strong>E-mail: <a href=\"mailto:pekoservis@pekoservis.sk\">info@pekoservis.sk<\/a><\/strong><br data-rich-text-line-break=\"true\"><strong>Web: <a href=\"http:\/\/www.pekoservis.sk\" target=\"_blank\" rel=\"noreferrer noopener\">www.pekoservis.sk<\/a><\/strong><\/h3>\n<\/div>\n\n\n\n<div class=\"wp-block-column is-layout-flow wp-block-column-is-layout-flow\" style=\"flex-basis:33.33%\">\n<p><strong>Otv\u00e1racie hodiny:<\/strong><\/p>\n\n\n\n<figure class=\"wp-block-table is-style-stripes\"><table><tbody><tr><td class=\"has-text-align-right\" data-align=\"right\">Pondelok<\/td><td>07:00-16:00<\/td><\/tr><tr><td class=\"has-text-align-right\" data-align=\"right\">Utorok<\/td><td>07:00-16:00<\/td><\/tr><tr><td class=\"has-text-align-right\" data-align=\"right\">Streda<\/td><td>07:00-16:00<\/td><\/tr><tr><td class=\"has-text-align-right\" data-align=\"right\">\u0160tvrtok<\/td><td>07:00-16:00<\/td><\/tr><tr><td class=\"has-text-align-right\" data-align=\"right\">Piatok<\/td><td>07:00-16:00<\/td><\/tr><tr><td class=\"has-text-align-right\" data-align=\"right\">Sobota<\/td><td>Zatvoren\u00e9<\/td><\/tr><tr><td class=\"has-text-align-right\" data-align=\"right\">Nede\u013ea<\/td><td>Zatvoren\u00e9<\/td><\/tr><\/tbody><\/table><\/figure>\n<\/div>\n<\/div>\n\n\n\n<p><\/p>\n<\/div><\/div>\n\n\n\n<div class=\"wp-block-group\"><div class=\"wp-block-group__inner-container is-layout-flow wp-block-group-is-layout-flow\">\n<div class=\"wp-block-group\"><div class=\"wp-block-group__inner-container is-layout-flow wp-block-group-is-layout-flow\">\n<div id=\"wpgmza_map\" class=\"wpgmza_map\" data-settings='{\"id\":\"1\",\"map_title\":\"PEKO\",\"map_width\":100,\"map_height\":\"250\",\"map_start_lat\":\"48.958078\",\"map_start_lng\":\"18.101630\",\"map_start_location\":\"48.95807823486123,18.1016303544922\",\"map_start_zoom\":\"16\",\"default_marker\":\"0\",\"type\":\"1\",\"alignment\":\"2\",\"directions_enabled\":\"1\",\"styling_enabled\":\"0\",\"styling_json\":\"\",\"active\":\"0\",\"kml\":\"\",\"bicycle\":\"0\",\"traffic\":\"0\",\"dbox\":\"1\",\"dbox_width\":\"100\",\"listmarkers\":\"0\",\"listmarkers_advanced\":\"0\",\"filterbycat\":\"0\",\"ugm_enabled\":\"0\",\"ugm_category_enabled\":\"0\",\"fusion\":\"\",\"map_width_type\":\"\\\\%\",\"map_height_type\":\"px\",\"mass_marker_support\":\"1\",\"ugm_access\":\"0\",\"order_markers_by\":\"1\",\"order_markers_choice\":\"2\",\"show_user_location\":\"0\",\"default_to\":\"\",\"other_settings\":{\"store_locator_enabled\":2,\"store_locator_distance\":2,\"store_locator_default_radius\":10,\"store_locator_not_found_message\":\"No results found in this location. Please try again.\",\"store_locator_bounce\":1,\"store_locator_query_string\":\"PS\\u010c \\\/ Adresa:\",\"store_locator_default_address\":\"\",\"wpgmza_store_locator_restrict\":\"\",\"wpgmza_store_locator_radius_style\":\"modern\",\"map_max_zoom\":\"1\",\"transport_layer\":0,\"wpgmza_theme_data\":\"\",\"wpgmza_show_points_of_interest\":0,\"wpgmza_auto_night\":0}}' data-map-id='1' Data-maps-engine='google-maps' data-shortcode-attributes='{\"id\":\"1\"}' style=\"display:block; overflow:auto; width:100%; height:250px; float:left;\"><\/div>\n<\/div><\/div>\n<\/div><\/div>\n\n\n\n<div class=\"wp-block-group is-layout-flow wp-block-group-is-layout-flow\"><div class=\"wp-block-group__inner-container\"><\/div><\/div>\n\n\n\n<div class=\"wp-block-group\"><div class=\"wp-block-group__inner-container is-layout-flow wp-block-group-is-layout-flow\">\n<div class=\"wp-block-group is-layout-flow wp-block-group-is-layout-flow\"><div class=\"wp-block-group__inner-container\"><\/div><\/div>\n\n\n\n<p>&nbsp;<\/p>\n<\/div><\/div>\n\n\n\n<p>&nbsp;<\/p>\n\n\n\n<div class=\"wp-block-group is-layout-flow wp-block-group-is-layout-flow\"><div class=\"wp-block-group__inner-container\"><\/div><\/div>\n\n\n\n<div class=\"wp-block-columns is-layout-flex wp-container-core-columns-is-layout-9d6595d7 wp-block-columns-is-layout-flex\">\n<div class=\"wp-block-column is-layout-flow wp-block-column-is-layout-flow\"><\/div>\n\n\n\n<div class=\"wp-block-column is-layout-flow wp-block-column-is-layout-flow\"><\/div>\n<\/div>\n\n\n\n<p><\/p>\n","protected":false},"excerpt":{"rendered":"<p>Peter Kon\u00ed\u010dek &#8211; PEKO Servis \u013dubor\u010dianska 734914 41 Nem\u0161ov\u00e1 Mobil: +421 905 959 810E-mail: info@pekoservis.skWeb: www.pekoservis.sk Otv\u00e1racie hodiny: Pondelok 07:00-16:00 Utorok 07:00-16:00 Streda 07:00-16:00 \u0160tvrtok 07:00-16:00 Piatok 07:00-16:00 Sobota Zatvoren\u00e9 Nede\u013ea Zatvoren\u00e9 &nbsp; &nbsp;<\/p>\n","protected":false},"author":1,"featured_media":0,"parent":0,"menu_order":0,"comment_status":"closed","ping_status":"closed","template":"page-templates\/full-width.php","meta":{"om_disable_all_campaigns":false,"_monsterinsights_skip_tracking":false,"_monsterinsights_sitenote_active":false,"_monsterinsights_sitenote_note":"","_monsterinsights_sitenote_category":0,"_uf_show_specific_survey":0,"_uf_disable_surveys":false,"footnotes":""},"class_list":["post-2","page","type-page","status-publish","hentry"],"_links":{"self":[{"href":"https:\/\/www.pekoservis.sk\/index.php?rest_route=\/wp\/v2\/pages\/2","targetHints":{"allow":["GET"]}}],"collection":[{"href":"https:\/\/www.pekoservis.sk\/index.php?rest_route=\/wp\/v2\/pages"}],"about":[{"href":"https:\/\/www.pekoservis.sk\/index.php?rest_route=\/wp\/v2\/types\/page"}],"author":[{"embeddable":true,"href":"https:\/\/www.pekoservis.sk\/index.php?rest_route=\/wp\/v2\/users\/1"}],"replies":[{"embeddable":true,"href":"https:\/\/www.pekoservis.sk\/index.php?rest_route=%2Fwp%2Fv2%2Fcomments&post=2"}],"version-history":[{"count":6,"href":"https:\/\/www.pekoservis.sk\/index.php?rest_route=\/wp\/v2\/pages\/2\/revisions"}],"predecessor-version":[{"id":256,"href":"https:\/\/www.pekoservis.sk\/index.php?rest_route=\/wp\/v2\/pages\/2\/revisions\/256"}],"wp:attachment":[{"href":"https:\/\/www.pekoservis.sk\/index.php?rest_route=%2Fwp%2Fv2%2Fmedia&parent=2"}],"curies":[{"name":"wp","href":"https:\/\/api.w.org\/{rel}","templated":true}]}}